*c**3/3 - c**2. Let h(w) = -w + 7. Let v be h(4). What are the prime factors of f(v)?
2, 7
Suppose 0 = 5*v - 26 + 1. Suppose -2*x + v = -x. What are the prime factors of x/(-25) + 72/10?
7
Suppose -7*t + 3*t = -16. What are the prime factors of t/(-6) - 42/(-9)?
2
Suppose -o + 0 = -3. Suppose -q + 40 = o*i, -5*q + 6 = -4*i + 91. List the prime factors of i.
3, 5
Let b = -104 + 156. List the prime factors of b.
2, 13
Let i be (-3)/9*-3 + 3. Suppose 6*w - i*w = 20. List the prime factors of w.
2, 5
Suppose 5*c = -x + 8, -x - 5 = -c - 1. Suppose 80 = 3*u + c*u. What are the prime factors of u?
2
Suppose -5*o = -43 - 27. List the prime factors of o.
2, 7
Suppose -3*b - x = -110 - 29, 3*x - 177 = -4*b. What are the prime factors of b?
2, 3
Let i be 4/6 - (-565)/(-15). Let s = -22 - i. List the prime factors of s.
3, 5
Let y be (-6)/3 - (3 + -1). Let t = 2 + y. List the prime factors of t + (-1)/(3/(-45)).
13
Suppose 2*j + 2*f - 316 = 0, 5*f = 2*j + 2*j - 632. What are the prime factors of j?
2, 79
Let n = -85 - -137. List the prime factors of n.
2, 13
Let a be 4*-2*(-1)/8. Let f(x) = -a + 2 - 3*x + x. What are the prime factors of f(-3)?
7
Let d = 26 + -15. Let x be 6/(-33) - (-68)/d. List the prime factors of x*(-1)/(-1 + -1).
3
What are the prime factors of 10/6 - 193/(-3)?
2, 3, 11
List the prime factors of (-250)/4*(2/2 - 3).
5
Let p = 0 + 0. Suppose -2*y - 2*y + 52 = p. List the prime factors of y.
13
Suppose -40 = -7*c + 2*c. Let v = c - 1. What are the prime factors of v?
7
Let b = -196 - -332. List the prime factors of b.
2, 17
Let i = -4 + 8. Suppose 0 = -i*l - 0 + 8. Suppose -7 = -3*a + l*a. List the prime factors of a.
7
Suppose 9 = -2*l - 3*v + 78, 5*v = 4*l - 105. List the prime factors of l.
2, 3, 5
Let b(q) = q - 7. Let m be b(7). Let n = m + 0. Suppose -5*f + 2*i = 4*i - 59, n = 5*f - 3*i - 49. List the prime factors of f.
11
Let x = 14 - 10. Let j(v) = v**3 - 17*v**2 + v - 3. Let q be j(17). Suppose -i = -4*n + 46 - q, 5*n - x*i = 40. List the prime factors of n.
2
Let x(m) = 3 + 1 - 3*m - 2. List the prime factors of x(-4).
2, 7
Suppose 5*p - 5*u = 2*p - 25, p = u - 5. Suppose p = -0*b + 4*b. What are the prime factors of -11*(b + (-2)/2)?
11
Suppose 4 + 9 = -t - 4*w, 0 = 3*t - 4*w - 25. Suppose x - t*c = -5*c + 17, -5*x - 4*c = -79. What are the prime factors of x?
3, 5
Suppose -6*v + 650 = -v. Suppose 4*x - v = -x. What are the prime factors of x?
2, 13
Let h be 12/16 + (-9)/12. Suppose -2*i + i + 10 = h. List the prime factors of i.
2, 5
Let j = -1 - -7. Suppose 22 = 4*a - j. Suppose -a*v = -3*v - 36. What are the prime factors of v?
3
Suppose -5*k + 3*q + 347 = 0, 214 = 3*k + 3*q + q. Suppose j - 19 - 16 = -4*i, 5*j - k = i. List the prime factors of j.
3, 5
Suppose 2*p + 28 = 356. List the prime factors of p.
2, 41
Let a(m) = -m. Let s(z) = -3*z + 4. Let k(g) = -2*a(g) + s(g). Let h = 4 - 2. What are the prime factors of k(h)?
2
Suppose s = c + 28 - 7, -5*s + c + 85 = 0. List the prime factors of s.
2
Let a = 4 - 7. Suppose 4*m - 2*k - 44 = 0, -m - k + 29 = 3*k. Let n = m + a. What are the prime factors of n?
2, 5
Let f(x) = -2*x + 9. Let g be f(9). Let n = 23 + g. What are the prime factors of n?
2, 7
Suppose -2*j = 3*j - 45. List the prime factors of j/6*-2 - -22.
19
Let x = -169 - -92. Let k = -45 - x. List the prime factors of k.
2
Let j(v) = -v**3 - v**2. Suppose o + 1 = 5*t - 10, 3*o - 23 = t. Suppose 5*n - 3*n = -5*m - o, 15 = -2*m + 3*n. What are the prime factors of j(m)?
2, 3
Let j = 206 - 126. List the prime factors of j.
2, 5
Suppose -336 = -5*f + 659. List the prime factors of f.
199
Suppose -3 = c, m - 4*c = 14 + 4. Let o be (-32)/(-12) + (-4)/m. Suppose o*f = 3 + 7. What are the prime factors of f?
5
Let z(s) = -27*s - 54. List the prime factors of z(-13).
3, 11
Let t = 796 + -520. List the prime factors of t.
2, 3, 23
Let u be 4/(-8)*(-2)/1. List the prime factors of (0 - 1)*u + 13.
2, 3
Suppose -5*y + 4*y + 9 = 0. What are the prime factors of y?
3
Let i = 1 - -118. List the prime factors of i.
7, 17
Let g = -15 + 25. Let l = 18 - g. List the prime factors of l.
2
Let r(u) = -u. Suppose -2*x = 2*k + 10, -4*k + 6*x + 1 = 3*x. Let l(i) = -i**2. Let p(z) = k*r(z) - l(z). List the prime factors of p(-3).
3
Let m = -12 - -16. Suppose 65 = l + m*l. List the prime factors of l.
13
Suppose -2*h - 17 = -h. Let y be 1/(h/(-9) - 2). Let g = -3 - y. List the prime factors of g.
2, 3
Let c = -27 + 55. List the prime factors of c.
2, 7
Suppose 15 = u + 2*u. Let o = 11 - u. What are the prime factors of o?
2, 3
Let u(g) = -g**2 - 3*g - 4. Let w be u(-3). Let l be w/3*(-12)/4. List the prime factors of l/2 + (3 - 2).
3
Suppose 0 = 6*c - c - n - 128, -n + 28 = c. What are the prime factors of c?
2, 13
Let n be (-2)/10 + 148/(-10). What are the prime factors of (-3 + n + 1)/(-1)?
17
Suppose 7 = x - 0*x. Suppose x*i + 24 = 9*i. List the prime factors of i.
2, 3
Let k(x) = 4*x**2 - 4*x + 1. Let m be k(3). What are the prime factors of 5/m + 118/10?
2, 3
Let y(s) = 2*s - 7. Let t(o) = o - 7. Let h be t(8). Suppose k - 7 = -h. What are the prime factors of y(k)?
5
Let m = 58 + 4. List the prime factors of m.
2, 31
List the prime factors of 141 + (16 - 2)*2/7.
5, 29
Let r(w) = -w**3 - 13*w**2 + 7*w - 3. What are the prime factors of r(-14)?
5, 19
Let l be 2 + (0/(-3))/3. Let d = l + -2. Suppose d = -4*i + 14 + 10. List the prime factors of i.
2, 3
Let p(y) be the first derivative of y**2/2 - 5*y + 2. Let q be p(5). Suppose 5*u + q*h - 35 = -5*h, -4*u + 2*h + 16 = 0. List the prime factors of u.
5
Suppose -7*a + 21*a = 3738. What are the prime factors of a?
3, 89
Let j = 5 + 15. List the prime factors of j.
2, 5
Suppose 4*g - 46 = -o, -3*o - g + 109 + 7 = 0. Let q be 6/(-21) + (-346)/14. Let x = o + q. What are the prime factors of x?
13
Let t be (1 + -4)/(3/(-79)). Suppose -8 = -2*c, -3*g = 4*c - t - 27. List the prime factors of g.
2, 3, 5
Let p(v) = 5*v**3 - 7*v**2 + 7*v + 5. List the prime factors of p(3).
2, 7
Let s = 1 + 3. Suppose 2*w + p = 24 + 17, -s*p = 4. List the prime factors of w.
3, 7
Let u = 31 - 20. Let c be u/3 + (-7)/(-21). List the prime factors of (-70)/(-4) - 2/c.
17
Let f(v) be the first derivative of -v**4/4 + v**2/2 + 3*v - 1. List the prime factors of f(0).
3
Let c(x) = x**3 + 6*x**2 + 2*x + 2. Let y be c(-5). Suppose -28 = -2*v - 4*l, 0 = v + l + 2*l - y. What are the prime factors of v?
2
Suppose 0 = -0*w + 2*w + 4. Let v be (3/(-2))/(1/w). What are the prime factors of 29/v + 1/3?
2, 5
What are the prime factors of (1/((-6)/218))/(17/(-51))?
109
Let b(w) = w**3 - 6*w**2 - 6*w - 2. Let j be -4*3/((-24)/14). What are the prime factors of b(j)?
5
Let s(n) = -2*n - 5 + 8*n + 4. Let u be s(3). Suppose 4*t + u = 4*a - a, -a + 6 = -t. What are the prime factors of a?
7
Suppose 4*w - 136 = -0*w. Suppose -4*l + 33 = k, 2*l + 3*k = -k + w. What are the prime factors of l?
7
Let f(p) = p**3 + 14*p**2 + 5*p + 3. What are the prime factors of f(-13)?
107
Let k(t) = 8*t + 3. Let f(i) = 3*i + 1. Let u be f(1). What are the prime factors of k(u)?
5, 7
Suppose -25 = -0*j - 5*j. List the prime factors of j.
5
Suppose 2*n = -h + 5*h - 14, -2*h + 3*n + 13 = 0. Suppose 2*u - h*q - 23 = u, u = -2*q + 39. List the prime factors of u.
31
Let p(l) = -3*l + 13. What are the prime factors of p(-13)?
2, 13
Let f be ((-3)/6)/(2/(-12)). List the prime factors of 32/f + 6/(-9).
2, 5
Suppose 0 = -2*s - 2 + 6, 2*i - 3*s + 12 = 0. Let l(c) = c**3 + 5*c**2 + 4*c. List the prime factors of l(i).
2, 3
What are the prime factors of 20/(-15)*21/(-2)?
2, 7
Let s(n) = -n - 11. Let w be s(-6). Let l(b) = -b**3 - 6*b**2 - 5*b - 6. Let y be l(w). What are the prime factors of (-1 + 2)/((-2)/y)?
3
Suppose -u = -0*l + 4*l - 31, 0 = -4*u + 3*l + 181. What are the prime factors of u?
43
Let f be 12/(1 + 2) + -1. Suppose f*o = 4*o - 3. List the prime factors of o.
3
Suppose 6*q - 344 = 232. List the prime factors of q.
2, 3
Let r = 4 - 0. Suppose -r = -u - 8. List the prime factors of (-2 - (u - 2)) + 0.
2
Let b(p) = -p**3 - p**2. Let h be b(-1). Let u(m) be the first derivative of m**2/2 + 2*m - 1. List the prime factors of u(h).
2
Suppose -b = 4*s - 7, -2*s + 7*s - 20 = 0. Let j = -6 - b. Suppose 3*o = 3*v - 39, 3*v + j*o = -v + 52. What are the